hest common divisor of 156 and m.
12
Let j be ((-87252)/88)/((-2)/8). What is the highest common divisor of 24 and j?
6
Let f(p) = 19*p**2 - 47*p - 72. Let c be f(-4). Calculate the greatest common factor of c and 12390.
210
Suppose 0 = -10*b - 79 + 149. Let s(g) = 13*g**2 + 2*g. Let a be s(2). What is the highest common factor of a and b?
7
Let y be 28/(-7) + (-10)/15*-3 - -64. Calculate the highest common divisor of 496 and y.
62
Let d = 2245 - 2091. What is the highest common divisor of d and 8?
2
Suppose -16*a + 5*a = 17 - 677. Calculate the greatest common divisor of 16680 and a.
60
Suppose 0 = 9*f + 67 + 563. Let v = 91 + f. Calculate the greatest common factor of 168 and v.
21
Let f(b) = -27*b - 282. Let j be f(-18). What is the highest common factor of 153 and j?
51
Let n(p) = p**2 - 32*p + 23. Suppose -99 = -6*q + 93. Let i be n(q). Calculate the highest common divisor of 437 and i.
23
Suppose x + 3*x = 52. Let s(m) = 4*m**2 + 6*m - 6. Let q be s(1). Suppose 0 = -i - k + 205, q*k - k - 823 = -4*i. What is the highest common divisor of i and x?
13
Let o(z) = 25*z + 2809. Let y be o(-39). What is the greatest common divisor of 84 and y?
14
Let i be 1/(-2) - 33/(-2). Let v = 4 + i. Suppose -3*y = -2*b - 482, -60*y - 5*b - 325 = -62*y. Calculate the highest common divisor of v and y.
20
Let r be (3 - (66 - 0)) + (4 - 4). Let w = 65 + r. Calculate the highest common factor of 4 and w.
2
Suppose -3*x - 4*l - 300 = -7*x, -69 = -x + 3*l. Let k = -908 + 911. Suppose 0 = k*t + 7 - 163. Calculate the greatest common factor of x and t.
26
Let x = 54 - 45. Suppose 0 = z + z + 3*b + 9, z - x = 3*b. Suppose -2*p - 4*a + 25 + 11 = z, 2*p - 4*a = 52. What is the highest common factor of 55 and p?
11
Let u be (1617/(-12) + 0)/((-31)/124). Let w be (-2)/(-8) - (-2746)/(-8). Let f = u + w. What is the greatest common factor of 28 and f?
28
Suppose -5*g + 88 = -3*v, 6*v = -3*g + 8*v + 52. Let u be 77*-9*g/(-630). Let d be (121*-2)/(-1 + 0). Calculate the highest common divisor of u and d.
22
Let l be (16 - (2 + -2)) + 0. Suppose 548 = 2*c - 4*h, 2*c + 27*h - 539 = 22*h. Calculate the greatest common divisor of l and c.
16
Let d = 21547 + -15752. What is the highest common divisor of d and 15?
5
Let g = 49 - 28. Let k be 16 + (4 + -3 - 5) + 0. Suppose -k*r + 965 = -1051. What is the greatest common factor of g and r?
21
Suppose 3*y - 4*o - 25 = 0, -4*y - 83*o + 84*o = -16. What is the highest common divisor of 723 and y?
3
Suppose 136*z + 521228 = 521636. Let b be (-43)/(-5) + 2/5. Calculate the greatest common factor of b and z.
3
Suppose -931*c + 1440 = -898*c - 13872. What is the highest common factor of c and 64?
16
Suppose -4*n = 22 - 31 - 119. What is the highest common divisor of n and 8416?
32
Suppose 284*j - 289*j + 2*v + 13346 = 0, 5*v = -15. What is the highest common factor of j and 261?
29
Let z be -7*(-351)/182*2. Calculate the greatest common divisor of z and 7803.
27
Let c be (-88)/6*28/((-1736)/93). Let g be 4/1 + (-4)/2. What is the highest common factor of g and c?
2
Suppose 12*g - 55*g = -6020. Suppose -4*h - 24 = -g. What is the highest common divisor of h and 725?
29
Let w be 6*1/9 + 13/3. Suppose 14 = 5*g - 3*g. Suppose -w*v = -n + 7, n - 2*v = -g*v + 17. Calculate the greatest common factor of n and 36.
12
Suppose 37*g = -4*a + 36*g + 406, 5*a + g - 506 = 0. What is the highest common divisor of a and 1350?
50
Suppose 0 = -4*h + 2*h - 4, 5*u + 4*h - 132 = 0. Let o be (396 - -10) + 1 + -3 + 2. Calculate the greatest common factor of u and o.
14
Let k be 93520/15 + (-16)/(-48) + 4. What is the greatest common divisor of k and 119?
17
Let h(f) = 67*f - 5844. Let m be h(88). What is the highest common divisor of 5447 and m?
13
Suppose -1375*w + 1424*w - 1617 = 0. Calculate the highest common divisor of 19195 and w.
11
Suppose t - 7*t + 6 = 0. Suppose t = 2*u - 5*d, d + 3 = 4*u - 8. Suppose -u*y + 37 = -4*n, 0 = n + 2*n + 12. What is the highest common divisor of y and 49?
7
Suppose 18*d - 168387 - 12945 = -46548. What is the highest common divisor of d and 16?
16
Let c(u) = 119*u**2 - 21*u - 8. Let q be c(-4). What is the greatest common factor of 22 and q?
22
Let m = 119 - 118. Let w(t) = t + 1. Let o(g) = 21*g + 33. Let q(f) = m*o(f) - 4*w(f). Let z be q(3). Calculate the highest common factor of z and 10.
10
Suppose 0*a - 30152 = -8*a + 29392. Calculate the highest common divisor of a and 9.
9
Suppose 3*d - 3*c = 237, 4*c - 83 = -2*d + 45. Calculate the highest common factor of 1036 and d.
74
Let m(d) = 97*d + 1885. Let q be m(-14). What is the greatest common factor of q and 544?
17
Let m = 1813 - 954. Let o = m - 439. Suppose 2*w - o = -w. What is the greatest common divisor of w and 14?
14
Let b be (2 - -700)*(-2 - -7)*13/195. Calculate the highest common factor of b and 598.
26
Let f be 4 + ((-671)/(-8) - (-13)/104). What is the greatest common factor of 3806 and f?
22
Let x(c) = -c**3 + 19*c**2 - 17*c + 24. Let p be x(18). Let f = -17 + p. Calculate the greatest common factor of 15 and f.
5
Let l = -3543 + 12668. Calculate the greatest common divisor of 25 and l.
25
Suppose 11*t + 13*t - 7*t = 0. Suppose t = -11*c + 10*c + 28. What is the highest common divisor of c and 98?
14
Suppose -m + 4*k + 258 = 0, 0 = m + 264*k - 259*k - 195. Calculate the highest common factor of 7705 and m.
115
Let n be -1*1/(-1) - -3. Suppose n*i = 3*m - 2601, 867 = m + 2*i + 2*i. Let f be m/6 + (-2)/4. What is the highest common factor of f and 18?
18
Let s be (15 - (3 + -4)) + -4. Let c(w) = 5*w - 1. Let m be c(3). Let k be 382/4 + 7/m. What is the highest common factor of k and s?
12
Suppose 0 = -3*j + 24, -2*l + 5*j - 526 + 666 = 0. Calculate the greatest common factor of l and 1815.
15
Suppose 5 = o - 0. Suppose -4*f + z = -3*z - 652, -o*z + 157 = f. Let i = -5204 - -5222. What is the highest common factor of f and i?
18
Suppose 17 = -h - 1. Let g be (-1712)/(-72) + -3 + (-4)/h. Let v = 12 + 30. What is the greatest common factor of g and v?
21
Let m(h) = -56*h - 1727. Let f be m(-32). Calculate the highest common factor of 2665 and f.
65
Suppose -4*r - 255 = -49*a + 48*a, 3*r - 1160 = -5*a. What is the greatest common divisor of a and 3713?
47
Let j = -102 + 104. Suppose -m - 6 = -b + 2, -m = -j*b + 13. Suppose -b*p - 4*o = -147 - 60, -p - 4*o = -35. What is the greatest common factor of p and 43?
43
Let a = -57 + 58. Let u be 58 - -3 - 3*a. Let z = 144 - 57. Calculate the highest common divisor of u and z.
29
Let l = -10086 + 11622. What is the greatest common divisor of l and 240?
48
Let l(o) be the first derivative of o**2/2 + 30*o + 101. Let t be l(-17). What is the highest common factor of t and 26?
13
Suppose -5*j + 122 = -4*p, -2*j - 4*p + 98 = 3*j. Suppose -j*i + 3083 = -14055. Calculate the highest common factor of i and 41.
41
Let g be (-82)/(-6) - 1/(-3). Let f be (-7)/(g/(-220)) + 2. Suppose -4*i - 64 = -15*a + 9*a, -3*i + 15 = 0. Calculate the greatest common factor of f and a.
14
Suppose a = -2*d + 280 + 23, 0 = -2*d + 2*a + 300. Suppose -t = -v - d, 0 = -4*t - 0*v - 5*v + 595. Calculate the highest common factor of 6 and t.
6
Let g be (-3212)/(-11)*-1 + (-2 - 0). Let m = 332 + g. Calculate the greatest common divisor of m and 608.
38
Let x(p) = 2*p**3 + 117*p**2 + 125*p - 375. Let v be x(-47). What is the highest common divisor of 17 and v?
17
Let l(r) = 5*r**2 - 92*r - 1235. Let s be l(-16). Calculate the greatest common factor of 185 and s.
37
Let w be (-5)/(-3)*(3 - -2 - -1). Calculate the highest common divisor of w and 3130.
10
Let q = 9 - 1. Let r(u) be the first derivative of -11*u**4/4 + u - 26. Let l be r(-1). Calculate the highest common factor of q and l.
4
Suppose -2*v + 3 = 3*b - 9, 3*v - 29 = b. What is the highest common factor of 4527 and v?
9
Suppose -1260 = 203*n - 206*n + 3*r, 0 = 3*n + 2*r - 1285. What is the greatest common factor of 85 and n?
85
Suppose 3*j + 12 - 36 = 0. Let w be -2 + j + 3/(-1). Suppose 0 = c + 5*o + 4, -2*c - w*o = -6 - 7. Calculate the greatest common divisor of 88 and c.
11
Suppose 94 = r + 2*v, -5*r - 33*v + 536 = -34*v. Calculate the greatest common factor of 1961 and r.
53
Suppose 0 = 127*l - 120*l + 56. Let o be l/(-60) + (-4758)/(-90). Calculate the highest common divisor of 53 